2
Calculate the remainder when 136610 is divided by 269.
227
What is the remainder when 2121950 is divided by 2121939?
11
What is the remainder when 808692 is divided by 115526?
10
Calculate the remainder when 11101410 is divided by 411163.
9
What is the remainder when 189402 is divided by 47257?
374
What is the remainder when 485332 is divided by 161364?
1240
Calculate the remainder when 1489845 is divided by 9032.
8597
Calculate the remainder when 587042 is divided by 82.
4
Calculate the remainder when 320048153 is divided by 1054.
1053
Calculate the remainder when 961827 is divided by 262.
25
Calculate the remainder when 136939 is divided by 68430.
79
What is the remainder when 2584312 is divided by 68?
40
What is the remainder when 2157352 is divided by 12616?
16
What is the remainder when 73066 is divided by 231?
70
Calculate the remainder when 45761824 is divided by 50.
24
Calculate the remainder when 129575392 is divided by 26417.
7
What is the remainder when 18362094 is divided by 45?
24
Calculate the remainder when 136921 is divided by 44517.
3370
Calculate the remainder when 206318 is divided by 206317.
1
What is the remainder when 612653 is divided by 520?
93
Calculate the remainder when 516161 is divided by 300.
161
Calculate the remainder when 83084 is divided by 6291.
1301
Calculate the remainder when 32994 is divided by 14423.
4148
Calculate the remainder when 701394 is divided by 16304.
322
What is the remainder when 8648015 is divided by 4231?
4082
What is the remainder when 8912542 is divided by 2103?
28
What is the remainder when 5944104 is divided by 457132?
1388
What is the remainder when 3727915 is divided by 77?
37
What is the remainder when 1453602 is divided by 4586?
4426
What is the remainder when 1726844 is divided by 156974?
130
What is the remainder when 114193 is divided by 3346?
429
Calculate the remainder when 865303 is divided by 3181.
71
What is the remainder when 96583 is divided by 2191?
179
Calculate the remainder when 156542 is divided by 154027.
2515
Calculate the remainder when 3934382 is divided by 20072.
270
Calculate the remainder when 6490846 is divided by 2150.
2146
What is the remainder when 10328899 is divided by 251?
249
What is the remainder when 821878 is divided by 29?
18
Calculate the remainder when 513099 is divided by 31.
18
Calculate the remainder when 165197 is divided by 20619.
245
Calculate the remainder when 57811 is divided by 2504.
219
What is the remainder when 33093521 is divided by 139635?
26
Calculate the remainder when 23169321 is divided by 12.
9
What is the remainder when 186802 is divided by 2444?
1058
Calculate the remainder when 661045 is divided by 51.
34
What is the remainder when 32124 is divided by 10699?
27
What is the remainder when 65354 is divided by 16319?
78
Calculate the remainder when 10991327 is divided by 2198262.
17
What is the remainder when 65013 is divided by 21181?
1470
What is the remainder when 65848 is divided by 1933?
126
Calculate the remainder when 371271 is divided by 371189.
82
Calculate the remainder when 7837 is divided by 1563.
22
What is the remainder when 79468 is divided by 2469?
460
Calculate the remainder when 3297177 is divided by 306.
27
Calculate the remainder when 888883 is divided by 29582.
1423
Calculate the remainder when 19844 is divided by 3285.
134
What is the remainder when 787576 is divided by 19209?
7
What is the remainder when 42222541 is divided by 16?
13
What is the remainder when 547502 is divided by 168?
158
What is the remainder when 4518851 is divided by 102?
47
Calculate the remainder when 1371110 is divided by 19310.
100
Calculate the remainder when 2204893 is divided by 2208.
1309
What is the remainder when 130912 is divided by 43608?
88
What is the remainder when 892374247 is divided by 530?
527
Calculate the remainder when 10544044 is divided by 102.
100
Calculate the remainder when 11452 is divided by 1801.
646
Calculate the remainder when 1989703 is divided by 10582.
287
Calculate the remainder when 298797 is divided by 294.
93
What is the remainder when 21385 is divided by 3559?
31
Calculate the remainder when 158344 is divided by 78.
4
Calculate the remainder when 8181799 is divided by 1665.
1654
Calculate the remainder when 1354014 is divided by 50148.
18
Calculate the remainder when 431199 is divided by 7307.
86
What is the remainder when 44235 is divided by 11084?
10983
What is the remainder when 186555733 is divided by 356?
341
Calculate the remainder when 37833 is divided by 38.
23
Calculate the remainder when 871622 is divided by 73.
2
What is the remainder when 11732628 is divided by 2933157?
0
What is the remainder when 38791545 is divided by 1004?
1001
What is the remainder when 11459822 is divided by 366?
362
Calculate the remainder when 2330193 is divided by 27414.
3
What is the remainder when 3496472 is divided by 4725?
4697
Calculate the remainder when 54470412 is divided by 2717.
2713
Calculate the remainder when 23364969 is divided by 170.
169
Calculate the remainder when 833863 is divided by 36253.
44
Calculate the remainder when 225636339 is divided by 75212110.
9
What is the remainder when 359555 is divided by 6173?
1521
Calculate the remainder when 640412 is divided by 1717.
1688
What is the remainder when 139581 is divided by 580?
381
What is the remainder when 767941 is divided by 2407?
108
Calculate the remainder when 408842 is divided by 318.
212
Calculate the remainder when 3890632 is divided by 935.
97
Calculate the remainder when 20860670 is divided by 6953556.
2
What is the remainder when 16856873 is divided by 1733?
1715
Calculate the remainder when 7644298 is divided by 305771.
23
What is the remainder when 3993990 is divided by 2145?
0
What is the remainder when 5959825 is divided by 4588?
13
Calculate the remainder when 21571858 is divided by 58.
34
What is the remainder when 6128044 is divided by 6128002?
42
What is the remainder when 294822 is divided by 546?
528
Calculate the remainder when 479605 is divided by 15.
10
What is the remainder when 78351 is divided by 929?
315
Calculate the remainder when 34189 is divided by 27.
7
What is the remainder when 3154437 is divided by 2600?
637
What is the remainder when 1636708 is divided by 313?
31
What is the remainder when 2186696 is divided by 1371?
1322
What is the remainder when 2982251 is divided by 49704?
11
What is the remainder when 35134 is divided by 1461?
70
Calculate the remainder when 585767 is divided by 2070.
2027
Calculate the remainder when 184861985 is divided by 318.
317
What is the remainder when 34982013 is divided by 457?
34
What is the remainder when 8181224 is divided by 107?
4
What is the remainder when 723386 is divided by 4206?
4160
Calculate the remainder when 40150645 is divided by 97453.
9
Calculate the remainder when 969914 is divided by 969636.
278
What is the remainder when 12737090 is divided by 3184268?
18
Calculate the remainder when 813743 is divided by 401901.
9941
Calculate the remainder when 34111859 is divided by 28.
19
What is the remainder when 636596 is divided by 634415?
2181
What is the remainder when 22429965 is divided by 276?
273
What is the remainder when 249722 is divided by 82992?
746
What is the remainder when 19917519 is divided by 19?
9
What is the remainder when 14789253 is divided by 2?
1
Calculate the remainder when 6832623 is divided by 179.
14
Calculate the remainder when 23108 is divided by 3397.
2726
Calculate the remainder when 1330707 is divided by 665287.
133
Calculate the remainder when 143705611 is divided by 42795.
1
Calculate the remainder when 5488511 is divided by 9.
5
Calculate the remainder when 145965 is divided by 234.
183
Calculate the remainder when 220328 is divided by 4073.
386
What is the remainder when 5115623 is divided by 8640?
743
Calculate the remainder when 5454863 is divided by 44.
7
Calculate the remainder when 186372 is divided by 61719.
1215
What is the remainder when 5938864 is divided by 892?
820
Calculate the remainder when 296188964 is divided by 1291.
1289
What is the remainder when 10942557 is divided by 4844?
4805
Calculate the remainder when 384654 is divided by 42738.
12
What is the remainder when 5803055 is divided by 3591?
3590
Ca